{"id":20845,"date":"2017-11-27T21:01:20","date_gmt":"2017-11-27T21:01:20","guid":{"rendered":"https:\/\/casa-and-co.com\/search-result-page\/"},"modified":"2024-07-17T11:10:54","modified_gmt":"2024-07-17T11:10:54","slug":"recherche-de-proprietes","status":"publish","type":"page","link":"https:\/\/www.casa-and-co.com\/fr\/recherche-de-proprietes\/","title":{"rendered":"Recherche de propri\u00e9t\u00e9s"},"content":{"rendered":"","protected":false},"excerpt":{"rendered":"","protected":false},"author":1,"featured_media":0,"parent":0,"menu_order":0,"comment_status":"closed","ping_status":"closed","template":"template\/template-search.php","meta":{"footnotes":""},"class_list":["post-20845","page","type-page","status-publish","hentry"],"yoast_head":"<!-- This site is optimized with the Yoast SEO plugin v26.9 - https:\/\/yoast.com\/product\/yoast-seo-wordpress\/ -->\n<title>Propri\u00e9t\u00e9s Santanyi | Finca \u00e0 Santanyi | Agence Immobili\u00e8re Santanyi<\/title>\n<meta name=\"description\" content=\"Propri\u00e9t\u00e9s Santanyi. Consultez le portefeuille de meilleures propri\u00e9t\u00e9s \u00e0 Santany\u00ed. Maisons exclusives \u00e0 Majorque \u260e\ufe0f +34 971 64 22 00\" \/>\n<meta name=\"robots\" content=\"index, follow, max-snippet:-1, max-image-preview:large, max-video-preview:-1\" \/>\n<link rel=\"canonical\" href=\"https:\/\/www.casa-and-co.com\/fr\/recherche-de-proprietes\/\" \/>\n<meta property=\"og:locale\" content=\"fr_FR\" \/>\n<meta property=\"og:type\" content=\"article\" \/>\n<meta property=\"og:title\" content=\"Propri\u00e9t\u00e9s Santanyi | Finca \u00e0 Santanyi | Agence Immobili\u00e8re Santanyi\" \/>\n<meta property=\"og:description\" content=\"Propri\u00e9t\u00e9s Santanyi. Consultez le portefeuille de meilleures propri\u00e9t\u00e9s \u00e0 Santany\u00ed. Maisons exclusives \u00e0 Majorque \u260e\ufe0f +34 971 64 22 00\" \/>\n<meta property=\"og:url\" content=\"https:\/\/www.casa-and-co.com\/fr\/recherche-de-proprietes\/\" \/>\n<meta property=\"og:site_name\" content=\"Casa and Co\" \/>\n<meta property=\"article:modified_time\" content=\"2024-07-17T11:10:54+00:00\" \/>\n<meta name=\"twitter:card\" content=\"summary_large_image\" \/>\n<script type=\"application\/ld+json\" class=\"yoast-schema-graph\">{\"@context\":\"https:\/\/schema.org\",\"@graph\":[{\"@type\":\"WebPage\",\"@id\":\"https:\/\/www.casa-and-co.com\/fr\/recherche-de-proprietes\/\",\"url\":\"https:\/\/www.casa-and-co.com\/fr\/recherche-de-proprietes\/\",\"name\":\"Propri\u00e9t\u00e9s Santanyi | Finca \u00e0 Santanyi | Agence Immobili\u00e8re Santanyi\",\"isPartOf\":{\"@id\":\"https:\/\/www.casa-and-co.com\/fr\/#website\"},\"datePublished\":\"2017-11-27T21:01:20+00:00\",\"dateModified\":\"2024-07-17T11:10:54+00:00\",\"description\":\"Propri\u00e9t\u00e9s Santanyi. Consultez le portefeuille de meilleures propri\u00e9t\u00e9s \u00e0 Santany\u00ed. Maisons exclusives \u00e0 Majorque \u260e\ufe0f +34 971 64 22 00\",\"breadcrumb\":{\"@id\":\"https:\/\/www.casa-and-co.com\/fr\/recherche-de-proprietes\/#breadcrumb\"},\"inLanguage\":\"fr-FR\",\"potentialAction\":[{\"@type\":\"ReadAction\",\"target\":[\"https:\/\/www.casa-and-co.com\/fr\/recherche-de-proprietes\/\"]}]},{\"@type\":\"BreadcrumbList\",\"@id\":\"https:\/\/www.casa-and-co.com\/fr\/recherche-de-proprietes\/#breadcrumb\",\"itemListElement\":[{\"@type\":\"ListItem\",\"position\":1,\"name\":\"Portada\",\"item\":\"https:\/\/www.casa-and-co.com\/fr\/\"},{\"@type\":\"ListItem\",\"position\":2,\"name\":\"Recherche de propri\u00e9t\u00e9s\"}]},{\"@type\":\"WebSite\",\"@id\":\"https:\/\/www.casa-and-co.com\/fr\/#website\",\"url\":\"https:\/\/www.casa-and-co.com\/fr\/\",\"name\":\"Casa and Co\",\"description\":\"Real Estate - Santany\u00ed - Mallorca\",\"publisher\":{\"@id\":\"https:\/\/www.casa-and-co.com\/fr\/#organization\"},\"potentialAction\":[{\"@type\":\"SearchAction\",\"target\":{\"@type\":\"EntryPoint\",\"urlTemplate\":\"https:\/\/www.casa-and-co.com\/fr\/?s={search_term_string}\"},\"query-input\":{\"@type\":\"PropertyValueSpecification\",\"valueRequired\":true,\"valueName\":\"search_term_string\"}}],\"inLanguage\":\"fr-FR\"},{\"@type\":\"Organization\",\"@id\":\"https:\/\/www.casa-and-co.com\/fr\/#organization\",\"name\":\"Casa and Co\",\"url\":\"https:\/\/www.casa-and-co.com\/fr\/\",\"logo\":{\"@type\":\"ImageObject\",\"inLanguage\":\"fr-FR\",\"@id\":\"https:\/\/www.casa-and-co.com\/fr\/#\/schema\/logo\/image\/\",\"url\":\"https:\/\/www.casa-and-co.com\/wp-content\/uploads\/2019\/08\/casa-and-co-inmobiliaria-real-estate-mallorca.png\",\"contentUrl\":\"https:\/\/www.casa-and-co.com\/wp-content\/uploads\/2019\/08\/casa-and-co-inmobiliaria-real-estate-mallorca.png\",\"width\":200,\"height\":80,\"caption\":\"Casa and Co\"},\"image\":{\"@id\":\"https:\/\/www.casa-and-co.com\/fr\/#\/schema\/logo\/image\/\"}}]}<\/script>\n<!-- \/ Yoast SEO plugin. -->","yoast_head_json":{"title":"Propri\u00e9t\u00e9s Santanyi | Finca \u00e0 Santanyi | Agence Immobili\u00e8re Santanyi","description":"Propri\u00e9t\u00e9s Santanyi. Consultez le portefeuille de meilleures propri\u00e9t\u00e9s \u00e0 Santany\u00ed. Maisons exclusives \u00e0 Majorque \u260e\ufe0f +34 971 64 22 00","robots":{"index":"index","follow":"follow","max-snippet":"max-snippet:-1","max-image-preview":"max-image-preview:large","max-video-preview":"max-video-preview:-1"},"canonical":"https:\/\/www.casa-and-co.com\/fr\/recherche-de-proprietes\/","og_locale":"fr_FR","og_type":"article","og_title":"Propri\u00e9t\u00e9s Santanyi | Finca \u00e0 Santanyi | Agence Immobili\u00e8re Santanyi","og_description":"Propri\u00e9t\u00e9s Santanyi. Consultez le portefeuille de meilleures propri\u00e9t\u00e9s \u00e0 Santany\u00ed. Maisons exclusives \u00e0 Majorque \u260e\ufe0f +34 971 64 22 00","og_url":"https:\/\/www.casa-and-co.com\/fr\/recherche-de-proprietes\/","og_site_name":"Casa and Co","article_modified_time":"2024-07-17T11:10:54+00:00","twitter_card":"summary_large_image","schema":{"@context":"https:\/\/schema.org","@graph":[{"@type":"WebPage","@id":"https:\/\/www.casa-and-co.com\/fr\/recherche-de-proprietes\/","url":"https:\/\/www.casa-and-co.com\/fr\/recherche-de-proprietes\/","name":"Propri\u00e9t\u00e9s Santanyi | Finca \u00e0 Santanyi | Agence Immobili\u00e8re Santanyi","isPartOf":{"@id":"https:\/\/www.casa-and-co.com\/fr\/#website"},"datePublished":"2017-11-27T21:01:20+00:00","dateModified":"2024-07-17T11:10:54+00:00","description":"Propri\u00e9t\u00e9s Santanyi. Consultez le portefeuille de meilleures propri\u00e9t\u00e9s \u00e0 Santany\u00ed. Maisons exclusives \u00e0 Majorque \u260e\ufe0f +34 971 64 22 00","breadcrumb":{"@id":"https:\/\/www.casa-and-co.com\/fr\/recherche-de-proprietes\/#breadcrumb"},"inLanguage":"fr-FR","potentialAction":[{"@type":"ReadAction","target":["https:\/\/www.casa-and-co.com\/fr\/recherche-de-proprietes\/"]}]},{"@type":"BreadcrumbList","@id":"https:\/\/www.casa-and-co.com\/fr\/recherche-de-proprietes\/#breadcrumb","itemListElement":[{"@type":"ListItem","position":1,"name":"Portada","item":"https:\/\/www.casa-and-co.com\/fr\/"},{"@type":"ListItem","position":2,"name":"Recherche de propri\u00e9t\u00e9s"}]},{"@type":"WebSite","@id":"https:\/\/www.casa-and-co.com\/fr\/#website","url":"https:\/\/www.casa-and-co.com\/fr\/","name":"Casa and Co","description":"Real Estate - Santany\u00ed - Mallorca","publisher":{"@id":"https:\/\/www.casa-and-co.com\/fr\/#organization"},"potentialAction":[{"@type":"SearchAction","target":{"@type":"EntryPoint","urlTemplate":"https:\/\/www.casa-and-co.com\/fr\/?s={search_term_string}"},"query-input":{"@type":"PropertyValueSpecification","valueRequired":true,"valueName":"search_term_string"}}],"inLanguage":"fr-FR"},{"@type":"Organization","@id":"https:\/\/www.casa-and-co.com\/fr\/#organization","name":"Casa and Co","url":"https:\/\/www.casa-and-co.com\/fr\/","logo":{"@type":"ImageObject","inLanguage":"fr-FR","@id":"https:\/\/www.casa-and-co.com\/fr\/#\/schema\/logo\/image\/","url":"https:\/\/www.casa-and-co.com\/wp-content\/uploads\/2019\/08\/casa-and-co-inmobiliaria-real-estate-mallorca.png","contentUrl":"https:\/\/www.casa-and-co.com\/wp-content\/uploads\/2019\/08\/casa-and-co-inmobiliaria-real-estate-mallorca.png","width":200,"height":80,"caption":"Casa and Co"},"image":{"@id":"https:\/\/www.casa-and-co.com\/fr\/#\/schema\/logo\/image\/"}}]}},"_links":{"self":[{"href":"https:\/\/www.casa-and-co.com\/fr\/wp-json\/wp\/v2\/pages\/20845","targetHints":{"allow":["GET"]}}],"collection":[{"href":"https:\/\/www.casa-and-co.com\/fr\/wp-json\/wp\/v2\/pages"}],"about":[{"href":"https:\/\/www.casa-and-co.com\/fr\/wp-json\/wp\/v2\/types\/page"}],"author":[{"embeddable":true,"href":"https:\/\/www.casa-and-co.com\/fr\/wp-json\/wp\/v2\/users\/1"}],"replies":[{"embeddable":true,"href":"https:\/\/www.casa-and-co.com\/fr\/wp-json\/wp\/v2\/comments?post=20845"}],"version-history":[{"count":2,"href":"https:\/\/www.casa-and-co.com\/fr\/wp-json\/wp\/v2\/pages\/20845\/revisions"}],"predecessor-version":[{"id":35134,"href":"https:\/\/www.casa-and-co.com\/fr\/wp-json\/wp\/v2\/pages\/20845\/revisions\/35134"}],"wp:attachment":[{"href":"https:\/\/www.casa-and-co.com\/fr\/wp-json\/wp\/v2\/media?parent=20845"}],"curies":[{"name":"wp","href":"https:\/\/api.w.org\/{rel}","templated":true}]}}

Recherche de propriétés

<!-- This site is optimized with the Yoast SEO plugin v26.9 - https://yoast.com/product/yoast-seo-wordpress/ -->
<title>Propriétés Santanyi | Finca à Santanyi | Agence Immobilière Santanyi</title>
<meta name="description" content="Propriétés Santanyi. Consultez le portefeuille de meilleures propriétés à Santanyí. Maisons exclusives à Majorque ☎️ +34 971 64 22 00" />
<meta name="robots" content="index, follow, max-snippet:-1, max-image-preview:large, max-video-preview:-1" />
<link rel="canonical" href="https://www.casa-and-co.com/fr/recherche-de-proprietes/" />
<meta property="og:locale" content="fr_FR" />
<meta property="og:type" content="article" />
<meta property="og:title" content="Propriétés Santanyi | Finca à Santanyi | Agence Immobilière Santanyi" />
<meta property="og:description" content="Propriétés Santanyi. Consultez le portefeuille de meilleures propriétés à Santanyí. Maisons exclusives à Majorque ☎️ +34 971 64 22 00" />
<meta property="og:url" content="https://www.casa-and-co.com/fr/recherche-de-proprietes/" />
<meta property="og:site_name" content="Casa and Co" />
<meta property="article:modified_time" content="2024-07-17T11:10:54+00:00" />
<meta name="twitter:card" content="summary_large_image" />
<script type="application/ld+json" class="yoast-schema-graph">{"@context":"https://schema.org","@graph":[{"@type":"WebPage","@id":"https://www.casa-and-co.com/fr/recherche-de-proprietes/","url":"https://www.casa-and-co.com/fr/recherche-de-proprietes/","name":"Propriétés Santanyi | Finca à Santanyi | Agence Immobilière Santanyi","isPartOf":{"@id":"https://www.casa-and-co.com/fr/#website"},"datePublished":"2017-11-27T21:01:20+00:00","dateModified":"2024-07-17T11:10:54+00:00","description":"Propriétés Santanyi. Consultez le portefeuille de meilleures propriétés à Santanyí. Maisons exclusives à Majorque ☎️ +34 971 64 22 00","breadcrumb":{"@id":"https://www.casa-and-co.com/fr/recherche-de-proprietes/#breadcrumb"},"inLanguage":"fr-FR","potentialAction":[{"@type":"ReadAction","target":["https://www.casa-and-co.com/fr/recherche-de-proprietes/"]}]},{"@type":"BreadcrumbList","@id":"https://www.casa-and-co.com/fr/recherche-de-proprietes/#breadcrumb","itemListElement":[{"@type":"ListItem","position":1,"name":"Portada","item":"https://www.casa-and-co.com/fr/"},{"@type":"ListItem","position":2,"name":"Recherche de propriétés"}]},{"@type":"WebSite","@id":"https://www.casa-and-co.com/fr/#website","url":"https://www.casa-and-co.com/fr/","name":"Casa and Co","description":"Real Estate - Santanyí - Mallorca","publisher":{"@id":"https://www.casa-and-co.com/fr/#organization"},"potentialAction":[{"@type":"SearchAction","target":{"@type":"EntryPoint","urlTemplate":"https://www.casa-and-co.com/fr/?s={search_term_string}"},"query-input":{"@type":"PropertyValueSpecification","valueRequired":true,"valueName":"search_term_string"}}],"inLanguage":"fr-FR"},{"@type":"Organization","@id":"https://www.casa-and-co.com/fr/#organization","name":"Casa and Co","url":"https://www.casa-and-co.com/fr/","logo":{"@type":"ImageObject","inLanguage":"fr-FR","@id":"https://www.casa-and-co.com/fr/#/schema/logo/image/","url":"https://www.casa-and-co.com/wp-content/uploads/2019/08/casa-and-co-inmobiliaria-real-estate-mallorca.png","contentUrl":"https://www.casa-and-co.com/wp-content/uploads/2019/08/casa-and-co-inmobiliaria-real-estate-mallorca.png","width":200,"height":80,"caption":"Casa and Co"},"image":{"@id":"https://www.casa-and-co.com/fr/#/schema/logo/image/"}}]}</script>
<!-- / Yoast SEO plugin. -->

Propriétés Santanyi | Finca à Santanyi | Agence Immobilière Santanyi

Propriétés Santanyi. Consultez le portefeuille de meilleures propriétés à Santanyí. Maisons exclusives à Majorque ☎️ +34 971 64 22 00

Real Estate - Santanyí - Mallorca
